ue
Is 28792435159 a prime number?
True
Is 1911799733 composite?
True
Is 437258663 composite?
True
Is 3779316131 prime?
False
Is 377250773 a composite number?
False
Is 432687373 a prime number?
False
Is 1264140869 a prime number?
False
Is 32526284963 composite?
True
Is 1266654751 prime?
False
Is 24196810361 composite?
True
Is 61883472323 a prime number?
False
Is 3836987327 prime?
False
Is 439295159 composite?
True
Is 49915523 prime?
False
Is 110633206877 composite?
False
Is 220080379 a prime number?
True
Is 7957000631 a prime number?
True
Is 31822989907 prime?
True
Is 413047700903 a prime number?
True
Is 1592449237 prime?
True
Is 65827211 prime?
True
Is 39222289147 a prime number?
True
Is 158957797243 composite?
True
Is 24451768727 a prime number?
True
Is 68816826073 prime?
False
Is 208618723 prime?
True
Is 19116508601 a prime number?
True
Is 8675823349 composite?
False
Is 362486953 prime?
True
Is 49821674947 a prime number?
False
Is 15384654029 a composite number?
False
Is 1232844521 prime?
True
Is 689889731 a prime number?
True
Is 55345607281 a prime number?
False
Is 4123065053 a composite number?
True
Is 3334027531 a prime number?
False
Is 24841753 a prime number?
True
Is 1310411431 a prime number?
False
Is 1147734911 prime?
True
Is 22138477 prime?
False
Is 1030598918 a prime number?
False
Is 7642423937 a composite number?
False
Is 7738667897 a prime number?
True
Is 812585003 a composite number?
False
Is 5452398703 a prime number?
True
Is 4151977189 prime?
False
Is 192704829059 prime?
True
Is 42157858989 prime?
False
Is 11851352347 prime?
False
Is 732602933 a composite number?
True
Is 3040794299 composite?
True
Is 106620773 composite?
True
Is 173868282461 composite?
True
Is 24200926891 prime?
False
Is 12526015517 a prime number?
False
Is 173855879 prime?
True
Is 1810932491 a prime number?
True
Is 2299711705 a composite number?
True
Is 98958709417 composite?
True
Is 233714557 a prime number?
True
Is 264835789 a composite number?
True
Is 7270324153 a composite number?
False
Is 8549382641 prime?
False
Is 1169538947 a prime number?
True
Is 233953717 composite?
False
Is 7040686157 composite?
False
Is 18993376751 a prime number?
False
Is 683407951 a composite number?
True
Is 11356086293 a composite number?
False
Is 12889361099 a composite number?
False
Is 107002549 prime?
True
Is 30523278887 a prime number?
True
Is 722559931 prime?
False
Is 94173515823 prime?
False
Is 5606521 prime?
False
Is 2000122549 prime?
True
Is 3097841701 prime?
False
Is 36289143601 prime?
True
Is 552637381 a composite number?
False
Is 13305858217 a prime number?
False
Is 4982415887 prime?
True
Is 583032341 composite?
True
Is 9793937047 a composite number?
True
Is 1325233139 a prime number?
True
Is 9908230931 a prime number?
False
Is 19351558517 a prime number?
True
Is 210061801 prime?
True
Is 21405934391 a composite number?
False
Is 296762451 prime?
False
Is 165194501 a composite number?
False
Is 1789213357 composite?
False
Is 2132251358 prime?
False
Is 20885846365 a prime number?
False
Is 26551234063 prime?
False
Is 6111047941 a composite number?
False
Is 21490134623 composite?
True
Is 214969597 a prime number?
False
Is 50241193 prime?
True
Is 36593003 a composite number?
False
Is 8393171 a composite number?
False
Is 5471848849 a prime number?
True
Is 138718709 composite?
False
Is 1415773207 a composite number?
True
Is 1483819411 a composite number?
True
Is 22653915649 composite?
True
Is 175853819353 a prime number?
True
Is 2476215727 a composite number?
True
Is 1825227277 prime?
True
Is 1251785993 prime?
True
Is 9921940291 prime?
True
Is 62716330239 a prime number?
False
Is 11985830083 composite?
True
Is 11087152249 prime?
False
Is 623818191 composite?
True
Is 216300053 prime?
False
Is 1664387503 a prime number?
True
Is 15468152629 composite?
True
Is 22328076581 prime?
False
Is 437403907 a prime number?
True
Is 44096369947 a prime number?
False
Is 2762946689 composite?
False
Is 65786008817 prime?
False
Is 3093775539 prime?
False
Is 108344982233 prime?
False
Is 8870349757 composite?
True
Is 9043644437 a prime number?
False
Is 3913157 prime?
False
Is 34016717155 a composite number?
True
Is 193236941 a composite number?
False
Is 7221882023 composite?
False
Is 367731751 composite?
True
Is 3999831401 a prime number?
False
Is 14511674053 prime?
False
Is 135055849 a prime number?
True
Is 9665414509 composite?
False
Is 27803957891 composite?
False
Is 1025955701 prime?
True
Is 2393792997 composite?
True
Is 18375771391 a prime number?
True
Is 14326282769 prime?
False
Is 210084353 composite?
True
Is 2655106247 composite?
False
Is 896606239 a composite number?
False
Is 2447488403 a prime number?
False
Is 127986869281 a composite number?
True
Is 1190426417 a prime number?
True
Is 24946403 composite?
False
Is 2716026739 a composite number?
False
Is 597215909 a prime number?
False
Is 2115309355 a prime number?
False
Is 6992501567 prime?
True
Is 12465365989 a composite number?
True
Is 59616810307 a prime number?
False
Is 148539091 a prime number?
True
Is 4752943417 a composite number?
True
Is 31588094699 a prime number?
False
Is 1272727801 composite?
False
Is 954827099 a prime number?
False
Is 316066265 prime?
False
Is 2804538431 a prime number?
True
Is 29103763085 a composite number?
True
Is 14256726433 a prime number?
False
Is 9835718869 a composite number?
False
Is 17027432489 prime?
True
Is 281794963 a composite number?
True
Is 225804619 composite?
False
Is 81320512237 composite?
False
Is 9700955861 a prime number?
True
Is 6612947129 prime?
False
Is 430752043 a prime number?
True
Is 26092282429 prime?
False
Is 6408153779 composite?
False
Is 14801571307 prime?
False
Is 14659749914 a prime number?
False
Is 358405991 prime?
True
Is 86396045 composite?
True
Is 1652035657 prime?
True
Is 8231336299 prime?
True
Is 3452895805 a prime number?
False
Is 5035365581 prime?
True
Is 113235357 composite?
True
Is 3893933801 a prime number?
True
Is 2804689999 a composite number?
False
Is 585424123 prime?
True
Is 91683692537 a composite number?
False
Is 30110656567 a prime number?
True
Is 2798895445 a composite number?
True
Is 1078221121 a composite number?
False
Is 209334823 prime?
True
Is 5699899651 a composite number?
False
Is 614292655 a composite number?
True
Is 200396270749 composite?
True
Is 6357668363 a prime number?
True
Is 2276022797 prime?
True
Is 5678723887 composite?
False
Is 54890744059 prime?
True
Is 2669547341 prime?
True
Is 2102921143 a composite number?
False
Is 143632313989 a composite number?
False
Is 14399803739 a composite number?
True
Is 14581025699 a prime number?
True
Is 27926109131 prime?
True
Is 2686032143 a composite number?
False
Is 731308007 a prime number?
False
Is 5061441851 a composite number?
True
Is 662471687 prime?
False
Is 1693046387 prime?
True
Is 6551251453 a composite number?
True
Is 1594095974 a composite number?
True
Is 4292921489 a prime number?
False
Is 1091560763 a prime number?
True
Is 33341780783 a composite number?
True
Is 803612497 a composite number?
True
Is 129347987 a prime number?
True
Is 20007077407 prime?
False
Is 28566072493 a prime number?
False
Is 6574264397 a composite number?
True
Is 438102149 a prime number?
False
Is 2307533881 composite?
True
Is 155375244431 a prime number?
False
Is 8018265019 a prime number?
True
Is 950230403 a composite number?
False
Is 2474869303 composite?
True
Is 230152271 prime?
False
Is 4040010761 a composite number?
True
Is 8531428891 a composite number?
True
Is 4957453387 a prime number?
False
Is 581361871 a prime number?
False
Is 49471315991 a prime number?
True
Is 148896245023 a composite number?
True
Is 36672607 prime?
False
Is 16649599247 a composite number?
True
Is 137446691 prime?
True
Is 1128455813 a composite number?
False
Is 3033121643 prime?
False
Is 12897321511 prime?
True
Is 2561903903 prime?
False
Is 947013559 prime?
True
Is 1503516077 composite?
True
Is 10349214769 prime?
True
Is 10407954367 composite?
False
Is 15920237687 composite?
True
Is 48242751647 prime?
True
Is 89726810287 a prime number?
False
Is 87005479961 prime?
True
Is 457806929 a composite number?
False
Is 305834407 prime?
True
Is 1149129469 a composite number?
False
Is 9118922639 a composite number?
False
Is 12204715879 a composite n